{"id":1552,"date":"2023-11-23T16:46:15","date_gmt":"2023-11-23T19:46:15","guid":{"rendered":"https:\/\/agroenpunta.com\/?page_id=1552"},"modified":"2023-11-23T17:06:51","modified_gmt":"2023-11-23T20:06:51","slug":"la-feria","status":"publish","type":"page","link":"https:\/\/agroenpunta.com\/2024\/la-feria\/","title":{"rendered":"LA FERIA"},"content":{"rendered":"<section class=\"wpb-content-wrapper\"><p>[vc_row css=\u00bb.vc_custom_1700770005477{margin-bottom: -80px !important;}\u00bb][vc_column][vc_column_text]<\/p>\n<h2 style=\"text-align: center;\">AGRO EN PUNTA<\/h2>\n<p>[\/vc_column_text][\/vc_column][\/vc_row][vc_row][vc_column width=\u00bb1\/2&#8243; css=\u00bb.vc_custom_1700769477060{margin-bottom: 40px !important;}\u00bb][vc_raw_html]JTNDdmlkZW8lMjBzcmMlM0QlMjJodHRwcyUzQSUyRiUyRmFncm9lbnB1bnRhLmNvbSUyRmFncm9lbnB1bnRhX3ZpZGVvX2luc3RpdHVjaW9uYWwubXA0JTIyJTIwd2lkdGglM0QlMjIxMDAlMjUlMjIlMjBjb250cm9scyUzRSUzQyUyRnZpZGVvJTNF[\/vc_raw_html][\/vc_column][vc_column width=\u00bb1\/2&#8243;][vc_column_text css=\u00bb.vc_custom_1700768922368{margin-bottom: 50px !important;}\u00bb]<strong>Agro en Punta Expo &amp; Business es una innovadora plataforma de integraci\u00f3n de negocios del sector agroindustrial del Uruguay.<\/strong> Una vidriera al mundo, donde su fin es potenciarlo tanto a nivel nacional como internacional, atendiendo las nuevas tendencias de los mercados mundiales y destacando el diferencial productivo del pa\u00eds.<br \/>\nEl inter\u00e9s central de la exposici\u00f3n es presentar el trabajo activo que est\u00e1 realizando Uruguay en promover la sostenibilidad a trav\u00e9s de pr\u00e1cticas agr\u00edcolas sostenibles, energ\u00edas renovables, certificaciones y aplicaci\u00f3n de tecnolog\u00eda para potenciar la inserci\u00f3n en los mercados, junto a la cadena productiva del pa\u00eds brindando una exposici\u00f3n 360\u00b0 de la producci\u00f3n y consolidar a Uruguay como un hub de negocios internacional.<br \/>\nSe realizar\u00e1 todos los a\u00f1os en el Convention and Exhibition Center de Punta del Este, siendo su primera edici\u00f3n del 31 de enero al 3 de febrero de 2024.<br \/>\nEl evento cuenta con 3 d\u00edas de foros regionales, rueda de negocios, muestra internacional y m\u00e1s de 200 expositores.[\/vc_column_text][vc_column_text]<\/p>\n<h4>UN ESPACIO PROPICIO PARA:<\/h4>\n<ul class=\"feature\">\n<li class=\"wow fadeIn\" data-wow-delay=\".25s\"><i class=\"fa fa-check-circle color-theme\"><\/i>INTERCAMBIO COMERCIAL.<\/li>\n<li class=\"wow fadeIn\" data-wow-delay=\".35s\"><i class=\"fa fa-check-circle color-theme\"><\/i>CAPTACI\u00d3N DE INVERSIONES.<\/li>\n<li class=\"wow fadeIn\" data-wow-delay=\".45s\"><i class=\"fa fa-check-circle color-theme\"><\/i>REALIZACI\u00d3N DE LANZAMIENTOS.<\/li>\n<li class=\"wow fadeIn\" data-wow-delay=\".65s\"><i class=\"fa fa-check-circle color-theme\"><\/i>\u00daLTIMOS AVANCES\u00a0EN\u00a0MAQUINARIA.<\/li>\n<li class=\"wow fadeIn\" data-wow-delay=\".65s\"><i class=\"fa fa-check-circle color-theme\"><\/i>PRESENTACI\u00d3N DE NUEVOS DESARROLLOS TECNOL\u00d3GICOS.<\/li>\n<\/ul>\n<p>[\/vc_column_text][\/vc_column][\/vc_row][vc_row content_placement=\u00bbbottom\u00bb fullwidth=\u00bbyes\u00bb css=\u00bb.vc_custom_1700769380414{margin-bottom: -80px !important;}\u00bb][vc_column][vc_single_image image=\u00bb1526&#8243; img_size=\u00bbfull\u00bb alignment=\u00bbcenter\u00bb][\/vc_column][\/vc_row]<\/p>\n<\/section>","protected":false},"excerpt":{"rendered":"<p>[vc_row css=\u00bb.vc_custom_1700770005477{margin-bottom: -80px !important;}\u00bb][vc_column][vc_column_text] AGRO EN PUNTA [\/vc_column_text][\/vc_column][\/vc_row][vc_row][vc_column width=\u00bb1\/2&#8243; css=\u00bb.vc_custom_1700769477060{margin-bottom: 40px !important;}\u00bb][vc_raw_html]JTNDdmlkZW8lMjBzcmMlM0QlMjJodHRwcyUzQSUyRiUyRmFncm9lbnB1bnRhLmNvbSUyRmFncm9lbnB1bnRhX3ZpZGVvX2luc3RpdHVjaW9uYWwubXA0JTIyJTIwd2lkdGglM0QlMjIxMDAlMjUlMjIlMjBjb250cm9scyUzRSUzQyUyRnZpZGVvJTNF[\/vc_raw_html][\/vc_column][vc_column width=\u00bb1\/2&#8243;][vc_column_text css=\u00bb.vc_custom_1700768922368{margin-bottom: 50px !important;}\u00bb]Agro en Punta Expo &amp; Business es una innovadora plataforma de integraci\u00f3n de negocios del sector agroindustrial del Uruguay. Una vidriera al mundo, donde su fin es potenciarlo tanto a nivel nacional como internacional, atendiendo las nuevas tendencias de los [&hellip;]<\/p>\n","protected":false},"author":1,"featured_media":0,"parent":0,"menu_order":0,"comment_status":"closed","ping_status":"closed","template":"page-templates\/template-fullwidth.php","meta":{"footnotes":""},"class_list":["post-1552","page","type-page","status-publish","hentry"],"_links":{"self":[{"href":"https:\/\/agroenpunta.com\/2024\/wp-json\/wp\/v2\/pages\/1552","targetHints":{"allow":["GET"]}}],"collection":[{"href":"https:\/\/agroenpunta.com\/2024\/wp-json\/wp\/v2\/pages"}],"about":[{"href":"https:\/\/agroenpunta.com\/2024\/wp-json\/wp\/v2\/types\/page"}],"author":[{"embeddable":true,"href":"https:\/\/agroenpunta.com\/2024\/wp-json\/wp\/v2\/users\/1"}],"replies":[{"embeddable":true,"href":"https:\/\/agroenpunta.com\/2024\/wp-json\/wp\/v2\/comments?post=1552"}],"version-history":[{"count":0,"href":"https:\/\/agroenpunta.com\/2024\/wp-json\/wp\/v2\/pages\/1552\/revisions"}],"wp:attachment":[{"href":"https:\/\/agroenpunta.com\/2024\/wp-json\/wp\/v2\/media?parent=1552"}],"curies":[{"name":"wp","href":"https:\/\/api.w.org\/{rel}","templated":true}]}}

<section class="wpb-content-wrapper"><p>[vc_row css=».vc_custom_1700770005477{margin-bottom: -80px !important;}»][vc_column][vc_column_text]</p>
<h2 style="text-align: center;">AGRO EN PUNTA</h2>
<p>[/vc_column_text][/vc_column][/vc_row][vc_row][vc_column width=»1/2&#8243; css=».vc_custom_1700769477060{margin-bottom: 40px !important;}»][vc_raw_html]JTNDdmlkZW8lMjBzcmMlM0QlMjJodHRwcyUzQSUyRiUyRmFncm9lbnB1bnRhLmNvbSUyRmFncm9lbnB1bnRhX3ZpZGVvX2luc3RpdHVjaW9uYWwubXA0JTIyJTIwd2lkdGglM0QlMjIxMDAlMjUlMjIlMjBjb250cm9scyUzRSUzQyUyRnZpZGVvJTNF[/vc_raw_html][/vc_column][vc_column width=»1/2&#8243;][vc_column_text css=».vc_custom_1700768922368{margin-bottom: 50px !important;}»]<strong>Agro en Punta Expo &amp; Business es una innovadora plataforma de integración de negocios del sector agroindustrial del Uruguay.</strong> Una vidriera al mundo, donde su fin es potenciarlo tanto a nivel nacional como internacional, atendiendo las nuevas tendencias de los mercados mundiales y destacando el diferencial productivo del país.<br />
El interés central de la exposición es presentar el trabajo activo que está realizando Uruguay en promover la sostenibilidad a través de prácticas agrícolas sostenibles, energías renovables, certificaciones y aplicación de tecnología para potenciar la inserción en los mercados, junto a la cadena productiva del país brindando una exposición 360° de la producción y consolidar a Uruguay como un hub de negocios internacional.<br />
Se realizará todos los años en el Convention and Exhibition Center de Punta del Este, siendo su primera edición del 31 de enero al 3 de febrero de 2024.<br />
El evento cuenta con 3 días de foros regionales, rueda de negocios, muestra internacional y más de 200 expositores.[/vc_column_text][vc_column_text]</p>
<h4>UN ESPACIO PROPICIO PARA:</h4>
<ul class="feature">
<li class="wow fadeIn" data-wow-delay=".25s"><i class="fa fa-check-circle color-theme"></i>INTERCAMBIO COMERCIAL.</li>
<li class="wow fadeIn" data-wow-delay=".35s"><i class="fa fa-check-circle color-theme"></i>CAPTACIÓN DE INVERSIONES.</li>
<li class="wow fadeIn" data-wow-delay=".45s"><i class="fa fa-check-circle color-theme"></i>REALIZACIÓN DE LANZAMIENTOS.</li>
<li class="wow fadeIn" data-wow-delay=".65s"><i class="fa fa-check-circle color-theme"></i>ÚLTIMOS AVANCES EN MAQUINARIA.</li>
<li class="wow fadeIn" data-wow-delay=".65s"><i class="fa fa-check-circle color-theme"></i>PRESENTACIÓN DE NUEVOS DESARROLLOS TECNOLÓGICOS.</li>
</ul>
<p>[/vc_column_text][/vc_column][/vc_row][vc_row content_placement=»bottom» fullwidth=»yes» css=».vc_custom_1700769380414{margin-bottom: -80px !important;}»][vc_column][vc_single_image image=»1526&#8243; img_size=»full» alignment=»center»][/vc_column][/vc_row]</p>
</section>

<p>[vc_row css=».vc_custom_1700770005477{margin-bottom: -80px !important;}»][vc_column][vc_column_text] AGRO EN PUNTA [/vc_column_text][/vc_column][/vc_row][vc_row][vc_column width=»1/2&#8243; css=».vc_custom_1700769477060{margin-bottom: 40px !important;}»][vc_raw_html]JTNDdmlkZW8lMjBzcmMlM0QlMjJodHRwcyUzQSUyRiUyRmFncm9lbnB1bnRhLmNvbSUyRmFncm9lbnB1bnRhX3ZpZGVvX2luc3RpdHVjaW9uYWwubXA0JTIyJTIwd2lkdGglM0QlMjIxMDAlMjUlMjIlMjBjb250cm9scyUzRSUzQyUyRnZpZGVvJTNF[/vc_raw_html][/vc_column][vc_column width=»1/2&#8243;][vc_column_text css=».vc_custom_1700768922368{margin-bottom: 50px !important;}»]Agro en Punta Expo &amp; Business es una innovadora plataforma de integración de negocios del sector agroindustrial del Uruguay. Una vidriera al mundo, donde su fin es potenciarlo tanto a nivel nacional como internacional, atendiendo las nuevas tendencias de los [&hellip;]</p>
